01347 prime?
False
Is 194923706389 composite?
False
Is 1252800991 prime?
False
Is 489532909 composite?
True
Is 26013808693 a composite number?
True
Is 3358371469 composite?
True
Is 2689646497 prime?
True
Is 475808651 a prime number?
True
Is 2194758793 prime?
True
Is 7792434311 prime?
False
Is 432519247 a composite number?
False
Is 386692517 a composite number?
True
Is 58992695159 a composite number?
True
Is 49988608757 composite?
False
Is 15874247 composite?
False
Is 247467371 prime?
True
Is 2412064211 composite?
True
Is 160922261 a composite number?
True
Is 1267771429 a composite number?
False
Is 11421842717 a composite number?
True
Is 695929343 composite?
True
Is 2423984957 a composite number?
False
Is 16130975587 a composite number?
False
Is 17708559353 a composite number?
True
Is 4049634623 a composite number?
True
Is 5271878099 composite?
False
Is 879474187 composite?
False
Is 588262331 a composite number?
False
Is 4167797 prime?
True
Is 277785280985 a prime number?
False
Is 1211337317 composite?
False
Is 19098793997 prime?
False
Is 7717161611 composite?
True
Is 441370217 a composite number?
True
Is 39032925431 composite?
True
Is 154537342621 prime?
True
Is 21689950129 composite?
True
Is 1733547637 prime?
True
Is 907961083 composite?
False
Is 788224537 a composite number?
False
Is 10846033391 composite?
True
Is 62425074917 prime?
True
Is 52441699 prime?
True
Is 129651757 a composite number?
False
Is 5245886519 composite?
False
Is 774770327 a composite number?
False
Is 553100074 a prime number?
False
Is 59417237102 composite?
True
Is 61485864751 a composite number?
False
Is 435352921 composite?
False
Is 5595819223 a composite number?
False
Is 1014135139 a composite number?
False
Is 15930047347 composite?
False
Is 65206795319 composite?
False
Is 2293346567 a prime number?
False
Is 6534450367 prime?
False
Is 33685679 prime?
False
Is 2810033461 a composite number?
False
Is 17972690149 composite?
False
Is 1096456307 a composite number?
True
Is 3930264619 a composite number?
False
Is 26599093679 composite?
True
Is 20020950511 a composite number?
False
Is 19833579097 prime?
False
Is 408457458821 prime?
True
Is 9864445663 composite?
False
Is 1725763927 a composite number?
True
Is 1830205271 composite?
True
Is 7125254113 a prime number?
True
Is 131574059 prime?
True
Is 2664463999 a prime number?
False
Is 372930223 a prime number?
False
Is 5427020303 prime?
False
Is 17428519015 prime?
False
Is 44617411 prime?
True
Is 9048579361 composite?
True
Is 1790198429 composite?
False
Is 16604853829 a composite number?
False
Is 88494929 a composite number?
False
Is 30797427833 prime?
True
Is 1296193862 composite?
True
Is 128117047 a composite number?
False
Is 2192475179 prime?
True
Is 2429278633 prime?
False
Is 2922274963 composite?
False
Is 10345091917 a prime number?
False
Is 91906333 a composite number?
False
Is 3891997378 prime?
False
Is 8721631951 composite?
False
Is 34803711139 a prime number?
False
Is 49681552931 a composite number?
False
Is 7798311159 composite?
True
Is 5223902881 a prime number?
False
Is 32047516453 prime?
False
Is 17936489479 a composite number?
False
Is 66329381609 a composite number?
True
Is 1470138583 a composite number?
False
Is 311348406049 composite?
True
Is 533470501 composite?
False
Is 3647924171 prime?
False
Is 27201815393 a prime number?
True
Is 4715465567 prime?
False
Is 7173417299 a composite number?
False
Is 7543467689 composite?
True
Is 10261636697 a composite number?
True
Is 995625721 composite?
False
Is 307811249 composite?
True
Is 214664173 a prime number?
False
Is 225772931 a prime number?
True
Is 2177037587 prime?
False
Is 66938923 a composite number?
True
Is 108417367 a prime number?
True
Is 198282529 a prime number?
False
Is 771977249 a prime number?
False
Is 4398630823 prime?
True
Is 74782171741 prime?
False
Is 4013812321 a prime number?
True
Is 371339845 a prime number?
False
Is 5595459631 a composite number?
False
Is 1884108361 composite?
True
Is 233573927 a composite number?
True
Is 73140259 prime?
False
Is 243322769 prime?
True
Is 196608047 composite?
True
Is 190171677 a prime number?
False
Is 168736523 composite?
False
Is 7267035631 composite?
True
Is 997498861 composite?
False
Is 2719095133 a composite number?
True
Is 41460646867 a composite number?
True
Is 62210605661 a composite number?
True
Is 306223571 prime?
True
Is 3279639551 a composite number?
True
Is 299537893 a composite number?
False
Is 340715753 a composite number?
True
Is 9618095237 a composite number?
True
Is 18568177399 prime?
True
Is 6351966793 composite?
False
Is 15080031193 a prime number?
True
Is 14286498647 composite?
False
Is 501834163 a prime number?
False
Is 22059308917 composite?
False
Is 2011649659 prime?
False
Is 34470711383 prime?
False
Is 2510911703 composite?
False
Is 1831162171 a composite number?
True
Is 111677651 a composite number?
False
Is 9414358397 composite?
False
Is 164205373 prime?
False
Is 72563789 a prime number?
False
Is 29447744773 composite?
True
Is 358081069 a composite number?
False
Is 39702468313 composite?
False
Is 7164733717 a prime number?
True
Is 5130691159 composite?
True
Is 2945055823 prime?
False
Is 1818602743 composite?
False
Is 13407759037 a prime number?
True
Is 339263207 a prime number?
False
Is 1203461341 composite?
True
Is 1172882413 a prime number?
True
Is 48583159871 a composite number?
False
Is 638387741 a prime number?
False
Is 1904242765 a composite number?
True
Is 160729891897 a composite number?
False
Is 1233813457 prime?
False
Is 431776105 a composite number?
True
Is 107432221537 prime?
True
Is 699683311 prime?
True
Is 1101525751 a prime number?
True
Is 143344007 composite?
False
Is 2992873717 a prime number?
True
Is 3738860291 a prime number?
True
Is 1281692717 a prime number?
True
Is 166797581 prime?
False
Is 3582893 a composite number?
True
Is 1463193562 composite?
True
Is 2992502567 composite?
True
Is 718914871 a prime number?
True
Is 236113529263 a composite number?
False
Is 27684281083 a composite number?
True
Is 6541932601 a prime number?
True
Is 298610671 a prime number?
True
Is 3625064849 a composite number?
True
Is 1642669811 a composite number?
False
Is 116528461547 prime?
True
Is 4357490449 prime?
False
Is 64899804103 composite?
False
Is 3623849917 a prime number?
False
Is 405370859 prime?
True
Is 269802056479 prime?
True
Is 3123370009 composite?
False
Is 9698541757 a prime number?
False
Is 5211182959 a composite number?
False
Is 951883909 a prime number?
True
Is 257665879 a prime number?
True
Is 997994021 prime?
True
Is 2157658837 a composite number?
False
Is 728572469 a prime number?
False
Is 30809935459 prime?
False
Is 12545454613 a prime number?
True
Is 1347873217 a prime number?
True
Is 487306537 composite?
True
Is 360530419 a composite number?
False
Is 67799799733 composite?
False
Is 1062437581 prime?
False
Is 2396310971 a prime number?
True
Is 177501847 a prime number?
True
Is 9430134533 a composite number?
False
Is 516105923 composite?
False
Is 47575754773 prime?
True
Is 45672174029 composite?
False
Is 1954415819 composite?
False
Is 5381166223 composite?
False
Is 83609493157 composite?
True
Is 540317581 a composite number?
True
Is 14532839969 composite?
False
Is 5949855221 a composite number?
True
Is 20346492814 composite?
True
Is 58063639573 composite?
False
Is 1593972067 prime?
True
Is 23034069659 prime?
True
Is 101026835699 a composite number?
False
Is 7725122077 prime?
True
Is 9031129243 a composite number?
False
Is 2672984051 a composite number?
False
Is 14151372359 prime?
True
Is 51661636051 prime?
False
Is 9614615371 a prime number?
True
Is 716757059 a prime number?
False
Is 93564460739 prime?
False
Is 3501314143 composite?
True
Is 833034767 a prime number?
True
Is 63954665153 a composite number?
False
Is 187351089 a prime number?
False
Is 662961239 a composite number?
False
Is 420915749 a prime number?
False
Is 14745745031 prime?
True
Is 11709063143 a composite number?
False
Is 48021540767 composite?
False
Is 574801877 a composite number?
True
Is 1151519237 prime?
False
Is 81835561 a composite number?
False
Is 1688716397 a composite number?
False
Is 1846237901 a prime number?
True
Is 22797699643 a prime number?
False
Is 3047886443 a prime number?
False
Is 